**2 - 7914*a - 338. What is k(7)?
26
Let y(m) = 779*m + 30395. What is y(-39)?
14
Let r(h) = 32*h**2 + 437*h + 1219. Calculate r(-4).
-17
Let g(x) = 454*x**2 - 1330*x - 21. Determine g(3).
75
Let h(q) = 7139*q - 257301. What is h(36)?
-297
Let p(l) = -3*l**2 + 1912*l + 7655. Give p(-4).
-41
Let x(t) = -50290*t - 201154. Determine x(-4).
6
Let h(w) = -2*w**3 + 7*w**2 - 199*w - 824. What is h(-4)?
212
Let d(t) = t**3 - 703*t + 1960. Calculate d(25).
10
Let s(r) = r**2 - 2577*r + 904196. Calculate s(419).
-6
Let a(h) = h**2 + 60*h + 92. Calculate a(-67).
561
Let t(h) = -11*h**3 + 830*h**2 + 2184*h + 1. Give t(78).
1
Let h(i) = -35*i**3 - 4*i**2 + 53*i + 101. What is h(-2)?
259
Let m(b) = 3*b**3 - 149*b**2 + 338*b - 11787. Calculate m(49).
-27
Let y(s) = 41*s**3 + 3*s**2 + 30*s + 85. What is y(-3)?
-1085
Let q(k) = -50*k**3 - 218*k**2 + 447*k - 19. Calculate q(2).
-397
Let d(b) = -4*b**2 - 700*b + 13040. Determine d(17).
-16
Let a(c) = -50753*c - 304506. Calculate a(-6).
12
Let t(g) = g**3 + 15*g**2 - 20*g + 110. What is t(-20)?
-1490
Let l(y) = 710*y + 54604. Give l(-77).
-66
Let x(v) = 1379*v - 48250. Give x(35).
15
Let k(n) = -4648*n - 120952. Calculate k(-26).
-104
Let h(j) = -66*j**3 + 193*j**2 + 5*j - 19. Determine h(2).
235
Let o(z) = -1501*z + 141106. Give o(94).
12
Let u(r) = -r**3 + 199*r**2 - 2589*r - 637. Determine u(185).
-452
Let m(z) = -2*z**3 - 917*z**2 + 7961*z + 4077. What is m(9)?
-9
Let b(z) = 20460*z + 3969223. What is b(-194)?
-17
Let d(f) = -f**2 + 46491*f - 4083462. Determine d(88).
2
Let u(m) = 44*m**2 - 2299*m - 6926. Give u(-3).
367
Let c(g) = 77*g**3 + 70*g**2 - 178*g - 60. Determine c(3).
2115
Let a(c) = -36314*c + 145341. Calculate a(4).
85
Let i(v) = 920*v - 26625. Determine i(29).
55
Let o(x) = 56*x - 43. What is o(16)?
853
Let x(d) = 2*d**2 + 140*d - 3373. Determine x(19).
9
Let a(m) = 59*m + 1961. Calculate a(-37).
-222
Let v(b) = 2*b**2 + 967*b + 65784. Calculate v(-401).
-381
Let o(k) = 24912*k - 22252. What is o(1)?
2660
Let d(z) = -z**2 + 1992*z - 991728. Calculate d(979).
-1
Let m(v) = 3*v**2 - 343*v - 1248. What is m(118)?
50
Let a(j) = -j**3 + 500*j**2 - 963*j - 16436. What is a(498)?
-2
Let f(u) = 6414*u - 5. Give f(0).
-5
Let v(b) = b**2 - 20796*b + 353237. Give v(17).
-6
Let p(f) = -f**3 + 48*f**2 + 21*f - 978. Determine p(48).
30
Let g(y) = 9*y + 935. What is g(-89)?
134
Let t(y) = 7304*y - 6290. Calculate t(1).
1014
Let i(f) = -4353*f - 792241. What is i(-182)?
5
Let g(y) = -520541*y + 3123235. Give g(6).
-11
Let u(n) = -n**3 + 16*n**2 + 183*n - 2841. What is u(17)?
-19
Let f(y) = 3*y**3 - 75*y**2 + 465*y + 137. Calculate f(10).
287
Let t(j) = 1368*j + 5942. What is t(-5)?
-898
Let z(t) = -398*t - 8933. Calculate z(-23).
221
Let f(z) = 3*z**2 - 74*z + 423. Determine f(11).
-28
Let v(a) = -6594*a + 6733. What is v(1)?
139
Let z(v) = -29923*v + 448826. What is z(15)?
-19
Let l(w) = 2*w**3 + 11*w**2 - 363*w - 2566. Give l(-8).
18
Let o(m) = -2680*m - 401993. Determine o(-150).
7
Let i(s) = -64*s**2 - 110*s + 241. What is i(3)?
-665
Let f(v) = 6630*v + 152398. Calculate f(-23).
-92
Let j(q) = q**3 + 2*q**2 + 738*q - 821. Calculate j(0).
-821
Let d(b) = -26*b**2 + 193*b - 1320. What is d(7)?
-1243
Let m(u) = 3*u**3 - 82*u**2 + 131*u - 736. Give m(26).
-34
Let k(j) = -220*j - 6618. Give k(-29).
-238
Let x(o) = -26431*o - 2246669. What is x(-85)?
-34
Let r(p) = -p**3 + 3*p**2 - 1336*p + 9315. Determine r(7).
-233
Let x(i) = 2568*i - 1725689. What is x(672)?
7
Let c(u) = -2*u**3 - 378*u**2 + 460*u + 15058. Calculate c(-190).
-142
Let f(i) = i**3 - 49*i**2 + 32*i - 1558. Give f(49).
10
Let q(z) = 2*z**3 + 9*z**2 - 393*z - 1964. Give q(-5).
-24
Let l(z) = 1515*z + 7589. Calculate l(-5).
14
Let a(m) = -m**2 + 2092*m + 16742. Calculate a(-8).
-58
Let c(n) = 3*n**3 + 395*n**2 + 260*n - 286. Calculate c(-131).
-24
Let h(g) = g**2 + 95*g - 3261. What is h(39)?
1965
Let g(f) = -468*f**2 - 6876*f + 6875. Calculate g(1).
-469
Let d(b) = -16*b**3 + 537*b**2 + 786*b + 115. Give d(35).
-550
Let h(f) = -10954*f + 219073. Give h(20).
-7
Let c(q) = -q**3 + q**2 + 11*q + 179. What is c(6)?
65
Let a(z) = -3*z**3 - 472*z**2 + 1776*z + 791. Give a(-161).
-14
Let t(f) = -25771*f - 2. Determine t(0).
-2
Let v(d) = -d**2 + 444*d - 30767. Calculate v(86).
21
Let h(y) = 2*y**3 + 29*y**2 - 136*y - 161. What is h(-18)?
19
Let v(d) = 1117*d + 11403. Determine v(-8).
2467
Let c(f) = -f**3 + 49*f**2 - 254*f + 66. Determine c(8).
658
Let x(n) = 27062*n - 216670. Calculate x(8).
-174
Let u(f) = f**3 + 89*f**2 + 330*f - 1087. Give u(-85).
-237
Let p(d) = 44*d**2 - 892*d + 4159. Determine p(13).
-1
Let c(a) = -4*a**2 - 13495*a + 26990. What is c(2)?
-16
Let d(b) = 2*b**3 - 125*b**2 - 45934*b - 1484. What is d(186)?
4
Let j(p) = -1165*p - 51535. Give j(-44).
-275
Let t(i) = -598*i - 12482. What is t(-18)?
-1718
Let m(i) = -i**2 - 53*i - 703. What is m(-19)?
-57
Let r(q) = -q**3 + 134*q**2 - 93*q - 4754. Calculate r(133).
566
Let f(c) = -39257*c - 824421. Calculate f(-21).
-24
Let q(a) = 117*a - 11947. Calculate q(102).
-13
Let y(z) = 66*z**3 - 25*z**2 - 89*z - 12. Determine y(-3).
-1752
Let c(y) = -30*y**2 - 1350*y - 2579. Determine c(-43).
1
Let w(g) = -17012*g + 136092. What is w(8)?
-4
Let k(h) = -407*h**3 - 5*h**2 - 694*h + 1397. Calculate k(2).
-3267
Let d(x) = 5*x**3 - 8*x**2 - 297*x - 325. What is d(9)?
-1
Let s(n) = 2418*n**2 - 91880*n - 30. Determine s(38).
122
Let x(n) = n**2 - 8641*n + 172483. Calculate x(20).
63
Let f(q) = -q**3 - 112*q**2 + 232*q - 180. Determine f(-114).
-636
Let q(h) = -2*h**2 + 12340*h - 110986. Calculate q(9).
-88
Let q(t) = -13860*t + 6819129. Determine q(492).
9
Let x(i) = 21*i**3 + 3*i**2 - i + 4. Give x(1).
27
Let n(z) = -z**2 + 42271*z - 295922. What is n(7)?
-74
Let m(z) = 189*z - 23111. Calculate m(122).
-53
Let z(a) = 80176*a + 17237841. What is z(-215)?
1
Let m(y) = 5*y**2 - 2391*y + 65232. Give m(29).
98
Let g(w) = 155*w - 11481. Determine g(74).
-11
Let h(w) = -1433*w**3 - w**2 + 3*w - 8. Determine h(1).
-1439
Let v(g) = -39*g**2 - 291*g + 165. Give v(-5).
645
Let x(f) = f**3 - 104*f**2 - 521*f - 38. Give x(0).
-38
Let m(n) = 413*n**3 - 2*n**2 + 115*n - 113. Determine m(1).
413
Let w(x) = 36822*x + 994137. Calculate w(-27).
-57
Let v(w) = -95*w - 530. Calculate v(-5).
-55
Let i(p) = 35*p**2 + 307*p + 2006. Determine i(-6).
1424
Let g(p) = 4*p**3 + 339*p**2 + 574*p - 593. Determine g(-83).
-12
Let l(n) = 7*n**3 + 695*n**2 + 196*n + 831. Calculate l(-99).
1029
Let b(w) = -1057*w**2 - 172*w + 170. Determine b(1).
-1059
Let w(n) = 2*n**3 - 64*n**2 - 1996*n + 1674. Calculate w(-20).
-6
Let o(q) = 1217*q - 371153. What is o(305)?
32
Let d(j) = 87*j**2 - 9821*j - 1126. Give d(113).
4
Let l(n) = 62*n - 8025. Calculate l(131).
97
Let u(q) = -q**2 + 328*q - 3505. What is u(317)?
-18
Let d(b) = b**3 + 209*b**2 - 1196*b - 26963. Calculate d(-214).
1
Let j(t) = t**3 - 29*t**2 - 28*t - 18. What is j(17)?
-3962
Let f(n) = -34*n + 3694. What is f(83)?
872
Let y(w) = -2*w**3 - 117*w**2 - 89*w + 24. What is y(-58)?
1822
Let f(q) = -2821*q - 124147. Determine f(-44).
-23
Let y(t) = -17543*t + 719272. Give y(41).
9
Let h(n) = -2*n**3 - 69*n**2 - 315*n + 108. Calculate h(-6).
-54
Let h(r) = -33*r**2 - 1036*r + 18299. Calculate h(-44).
-5
Let h(z) = -24*z**2 - 354*z - 1301. What is h(-8)?
-5
Let g(b) = -b**3 + 28*b**2 - 5*b - 145. Determine g(26).
1077
Let p(u) = 23860*u + 811232. Give p(-34).
-8
Let i(k) = -87*k**2 + 901*k + 42. Calculate i(11).
-574
Let l(u) = -91*u - 7384. Give l(-73).
-741
Let k(u) = -u**2 + 97667*u - 49260120. Determine k(507).
0
Let o(u) = -4*u**3 + 155*u**2 - 870*u + 171. Calculate o(32).
-21
Let m(n) = n**3 - 56*n**2 - 18*n + 1918. Determine m(56).
910
Let w(f) = -7*f**2 - 2684*f - 10749. Calculate w(-4).
-125
Let x(c) = 3*c**2 + 504*c - 19896. Give x(33).
3
Let b(i) = 25*i**3 + 13*i**2 - 37*i - 3. Calculate b(2).
175
Let m(y) = 59443*y + 2674934. What is m(-45)?
-1
Let k(n) = -n**3 + 146*n**2 + 31520*n + 3967. Calculate k(265).
-8
Let z(c) = -8031*c + 80298. What is z(10)?
-12
Let l(h) = 706*h + 108014. Calculate l(-153).
-4
Let g(l) = 767*l + 32238. Calculate g(-42).
24
Let x(r) = 3*r**3 - 93*r**2 + 168*r - 1926. Determine x(30).
414
Let z(h) = h**3 - 12*h**2 - 854*h + 13833. What is z(23)?